{"id":378,"date":"2018-05-21T18:22:09","date_gmt":"2018-05-21T16:22:09","guid":{"rendered":"https:\/\/www.guenstigeinrichten.de\/blog\/?page_id=378"},"modified":"2018-05-21T18:22:09","modified_gmt":"2018-05-21T16:22:09","slug":"datenschutz","status":"publish","type":"page","link":"https:\/\/www.guenstigeinrichten.de\/blog\/datenschutz\/","title":{"rendered":"Datenschutz"},"content":{"rendered":"<p><b>Datenschutzhinweis<\/b><br \/>\nWir erheben und verwenden Ihre personenbezogenen Daten ausschlie\u00dflich im Rahmen der Bestimmungen des Datenschutzrechts der Bundesrepublik Deutschland. Im folgenden unterrichten wir Sie \u00fcber Art, Umfang und Zwecke der Erhebung und Verwendung personenbezogener Daten. Sie k\u00f6nnen diese Unterrichtung jederzeit auf unserer Webseite abrufen.<\/p>\n<p>Bei Bezahlung \u00fcber die Zahlungsarten secupay Lastschrift, secupay Kreditkarte und secupay Rechnungskauf wird die Kaufpreisforderung an die secupay AG, Goethestra\u00dfe 6, 01896 Pulsnitz abgetreten. Die Belastung Ihres Bank- bzw. Kreditkartenkontos erfolgt mit Abschluss der Bestellung.<\/p>\n<p>Die zur Zahlungsabwicklung erforderlichen Daten werden an die secupay AG \u00fcbermittelt. Zur Absch\u00e4tzung des Ausfallrisikos f\u00fchrt die secupay AG unter Umst\u00e4nden eine Bonit\u00e4tsabfrage durch. Informationen zu Ihrem bisherigen Zahlungsverhalten und Bonit\u00e4tsinformationen auf Basis mathematisch-statistischer Verfahren unter Anwendung von Anschriftendaten (Scoring) werden bezogen von der infoscore Consumer Data GmbH, Rheinstra\u00dfe 99, 76532 Baden-Baden sowie der Creditreform Boniversum GmbH, Hellersbergstr. 11, 41460 Neuss. Weitere Informationen zur Verarbeitung und Speicherung Ihrer Daten erhalten Sie direkt \u00fcber die secupay AG.<\/p>\n<p><b>Daten\u00fcbermittlung und -protokollierung zu systeminternen und statistischen Zwecken<\/b><br \/>\nIhr Internet-Browser \u00fcbermittelt beim Zugriff auf unsere Webseite aus technischen Gr\u00fcnden automatisch Daten an unseren Webserver. Es handelt sich dabei unter anderem um Datum und Uhrzeit des Zugriffs, URL der verweisenden Webseite, abgerufene Datei, Menge der gesendeten Daten, Browsertyp und -version, Betriebssystem sowie Ihre IP-Adresse. Diese Daten werden getrennt von anderen Daten, die Sie im Rahmen der Nutzung unseres Angebotes eingeben gespeichert. Eine Zuordnung dieser Daten zu einer bestimmten Person ist uns nicht m\u00f6glich. Diese Daten werden zu statistischen Zwecken ausgewertet und im Anschluss gel\u00f6scht.<\/p>\n<p><b>Bestandsdaten<\/b><br \/>\nSofern zwischen Ihnen und uns ein Vertragsverh\u00e4ltnis begr\u00fcndet, inhaltlich ausgestaltet oder ge\u00e4ndert werden soll, erheben und verwenden wir personenbezogene Daten von Ihnen, soweit dies zu diesen Zwecken erforderlich ist.<br \/>\nAuf Anordnung der zust\u00e4ndigen Stellen d\u00fcrfen wir im Einzelfall Auskunft \u00fcber diese Daten (Bestandsdaten) erteilen, soweit dies f\u00fcr Zwecke der Strafverfolgung, zur Gefahrenabwehr, zur Erf\u00fcllung der gesetzlichen Aufgaben der Verfassungsschutzbeh\u00f6rden oder des Milit\u00e4rischen Abschirmdienstes oder zur Durchsetzung der Rechte am geistigen Eigentum erforderlich ist.<\/p>\n<div><\/div>\n<div><b>Nutzungsdaten<\/b><br \/>\nWir erheben und verwenden personenbezogene Daten von Ihnen, soweit dies erforderlich ist, um die Inanspruchnahme unseres Internetangebotes zu erm\u00f6glichen oder abzurechnen (Nutzungsdaten). Dazu geh\u00f6ren insbesondere Merkmale zu Ihrer Identifikation und Angaben zu Beginn und Ende sowie des Umfangs der Nutzung unseres Angebotes.<br \/>\nF\u00fcr Zwecke der Werbung, der Marktforschung und zur bedarfsgerechten Gestaltung unseres Internetangebotes d\u00fcrfen wir bei Verwendung von Pseudonymen Nutzungsprofile erstellen. Sie haben das Recht, dieser Verwendung Ihrer Daten zu widersprechen. Die Nutzungsprofile d\u00fcrfen wir nicht mit Daten \u00fcber den Tr\u00e4ger des Pseudonyms zusammenf\u00fchren.<br \/>\nAuf Anordnung der zust\u00e4ndigen Stellen d\u00fcrfen wir im Einzelfall Auskunft \u00fcber diese Daten (Bestandsdaten) erteilen, soweit dies f\u00fcr Zwecke der Strafverfolgung, zur Gefahrenabwehr, zur Erf\u00fcllung der gesetzlichen Aufgaben der Verfassungsschutzbeh\u00f6rden oder des Milit\u00e4rischen Abschirmdienstes oder zur Durchsetzung der Rechte am geistigen Eigentum erforderlich ist.<\/div>\n<div><\/div>\n<div><b>Cookies<\/b><br \/>\nUm den Funktionsumfang unseres Internetangebotes zu erweitern und die Nutzung f\u00fcr Sie komfortabler zu gestalten, verwenden wir so genannte &#8222;Cookies&#8220;. Mit Hilfe dieser &#8222;Cookies&#8220; k\u00f6nnen bei dem Aufruf unserer Webseite Daten auf Ihrem Rechner gespeichert werden. Sie haben die M\u00f6glichkeit, das Abspeichern von Cookies auf Ihrem Rechner durch entsprechende Einstellungen in Ihrem Browser zu verhindern. Hierdurch k\u00f6nnten allerdings der Funktionsumfang unseres Angebotes eingeschr\u00e4nkt werden.<\/div>\n<div><\/div>\n<div><b>Auskunftsrecht<\/b><\/div>\n<div>Als Nutzer unseres Internetangebotes haben Sie das Recht, von uns Auskunft \u00fcber die zu Ihrer Person oder zu Ihrem Pseudonym gespeicherten Daten zu verlangen. Auf Ihr Verlangen kann die Auskunft auch elektronisch erteilt werden.<\/div>\n<p><strong>Google Analytics<\/strong><br \/>\nDiese Website benutzt Google Analytics, einen Webanalysedienst der Google Inc. (\u201eGoogle\u201c). Google Analytics verwendet sog. \u201eCookies\u201c, Textdateien, die auf Ihrem Computer gespeichert werden und die eine Analyse der Benutzung der Website durch Sie erm\u00f6glichen. Die durch den Cookie erzeugten Informationen \u00fcber Ihre Benutzung dieser Website werden in der Regel an einen Server von Google in den USA \u00fcbertragen und dort gespeichert. Im Falle der Aktivierung der IP-Anonymisierung auf dieser Webseite, wird Ihre IP-Adresse von Google jedoch innerhalb von Mitgliedstaaten der Europ\u00e4ischen Union oder in anderen Vertragsstaaten des Abkommens \u00fcber den Europ\u00e4ischen Wirtschaftsraum zuvor gek\u00fcrzt. Nur in Ausnahmef\u00e4llen wird die volle IP-Adresse an einen Server von Google in den USA \u00fcbertragen und dort gek\u00fcrzt. Im Auftrag des Betreibers dieser Website wird Google diese Informationen benutzen, um Ihre Nutzung der Website auszuwerten, um Reports \u00fcber die Websiteaktivit\u00e4ten zusammenzustellen und um weitere mit der Websitenutzung und der Internetnutzung verbundene Dienstleistungen gegen\u00fcber dem Websitebetreiber zu erbringen. Die im Rahmen von Google Analytics von Ihrem Browser \u00fcbermittelte IP-Adresse wird nicht mit anderen Daten von Google zusammengef\u00fchrt. Sie k\u00f6nnen die Speicherung der Cookies durch eine entsprechende Einstellung Ihrer Browser-Software verhindern; wir weisen Sie jedoch darauf hin, dass Sie in diesem Fall gegebenenfalls nicht s\u00e4mtliche Funktionen dieser Website vollumf\u00e4nglich werden nutzen k\u00f6nnen. Sie k\u00f6nnen dar\u00fcber hinaus die Erfassung der durch das Cookie erzeugten und auf Ihre Nutzung der Website bezogenen Daten (inkl. Ihrer IP-Adresse) an Google sowie die Verarbeitung dieser Daten durch Google verhindern, indem sie das unter dem folgenden Link verf\u00fcgbare Browser-Plugin herunterladen und installieren:\u00a0<a href=\"http:\/\/tools.google.com\/dlpage\/gaoptout?hl=de\" target=\"_blank\" rel=\"noopener\">http:\/\/tools.google.com\/dlpage\/gaoptout?hl=de<\/a>.<\/p>\n<p><strong>Klarna Datenschutzhinweis<\/strong><br \/>\nWenn Sie sich f\u00fcr Klarnas Zahlungsdienstleistungen entscheiden, bitten wir Sie um Ihre Einwilligung, dass wir die f\u00fcr die Abwicklung der Zahlung und eine Identit\u00e4ts- und Bonit\u00e4tspr\u00fcfung notwendigen Daten an Klarna \u00fcbermitteln d\u00fcrfen. In Deutschland k\u00f6nnen f\u00fcr die Identit\u00e4ts- und Bonit\u00e4tspr\u00fcfung die in\u00a0<a href=\"https:\/\/cdn.klarna.com\/1.0\/shared\/content\/policy\/data\/de_de\/data_protection.pdf\" target=\"_blank\" rel=\"noopener\">Klarnas Datenschutzerkl\u00e4rung<\/a>\u00a0genannten Wirtschaftsauskunfteien eingesetzt werden. Sie k\u00f6nnen Ihre Einwilligung zu dieser Verwendung der personenbezogenen Daten jederzeit gegen\u00fcber Klarna widerrufen.<\/p>\n","protected":false},"excerpt":{"rendered":"<p>Datenschutzhinweis Wir erheben und verwenden Ihre personenbezogenen Daten ausschlie\u00dflich im [&hellip;]<\/p>\n","protected":false},"author":1,"featured_media":0,"parent":0,"menu_order":0,"comment_status":"closed","ping_status":"closed","template":"","meta":[],"yoast_head":"<!-- This site is optimized with the Yoast SEO plugin v17.1 - https:\/\/yoast.com\/wordpress\/plugins\/seo\/ -->\n<title>Datenschutz - M\u00f6bel &amp; mehr<\/title>\n<meta name=\"robots\" content=\"index, follow, max-snippet:-1, max-image-preview:large, max-video-preview:-1\" \/>\n<link rel=\"canonical\" href=\"https:\/\/www.guenstigeinrichten.de\/blog\/datenschutz\/\" \/>\n<meta property=\"og:locale\" content=\"de_DE\" \/>\n<meta property=\"og:type\" content=\"article\" \/>\n<meta property=\"og:title\" content=\"Datenschutz - M\u00f6bel &amp; mehr\" \/>\n<meta property=\"og:description\" content=\"Datenschutzhinweis Wir erheben und verwenden Ihre personenbezogenen Daten ausschlie\u00dflich im [&hellip;]\" \/>\n<meta property=\"og:url\" content=\"https:\/\/www.guenstigeinrichten.de\/blog\/datenschutz\/\" \/>\n<meta property=\"og:site_name\" content=\"M\u00f6bel &amp; mehr\" \/>\n<meta name=\"twitter:card\" content=\"summary_large_image\" \/>\n<meta name=\"twitter:label1\" content=\"Gesch\u00e4tzte Lesezeit\" \/>\n\t<meta name=\"twitter:data1\" content=\"5\u00a0Minuten\" \/>\n<script type=\"application\/ld+json\" class=\"yoast-schema-graph\">{\"@context\":\"https:\/\/schema.org\",\"@graph\":[{\"@type\":\"WebSite\",\"@id\":\"https:\/\/www.guenstigeinrichten.de\/blog\/#website\",\"url\":\"https:\/\/www.guenstigeinrichten.de\/blog\/\",\"name\":\"M\\u00f6bel &amp; mehr\",\"description\":\"Ihr Wohnblog von guenstigeinrichten.de\",\"potentialAction\":[{\"@type\":\"SearchAction\",\"target\":{\"@type\":\"EntryPoint\",\"urlTemplate\":\"https:\/\/www.guenstigeinrichten.de\/blog\/?s={search_term_string}\"},\"query-input\":\"required name=search_term_string\"}],\"inLanguage\":\"de\"},{\"@type\":\"WebPage\",\"@id\":\"https:\/\/www.guenstigeinrichten.de\/blog\/datenschutz\/#webpage\",\"url\":\"https:\/\/www.guenstigeinrichten.de\/blog\/datenschutz\/\",\"name\":\"Datenschutz - M\\u00f6bel &amp; mehr\",\"isPartOf\":{\"@id\":\"https:\/\/www.guenstigeinrichten.de\/blog\/#website\"},\"datePublished\":\"2018-05-21T16:22:09+00:00\",\"dateModified\":\"2018-05-21T16:22:09+00:00\",\"breadcrumb\":{\"@id\":\"https:\/\/www.guenstigeinrichten.de\/blog\/datenschutz\/#breadcrumb\"},\"inLanguage\":\"de\",\"potentialAction\":[{\"@type\":\"ReadAction\",\"target\":[\"https:\/\/www.guenstigeinrichten.de\/blog\/datenschutz\/\"]}]},{\"@type\":\"BreadcrumbList\",\"@id\":\"https:\/\/www.guenstigeinrichten.de\/blog\/datenschutz\/#breadcrumb\",\"itemListElement\":[{\"@type\":\"ListItem\",\"position\":1,\"name\":\"Startseite\",\"item\":\"https:\/\/www.guenstigeinrichten.de\/blog\/\"},{\"@type\":\"ListItem\",\"position\":2,\"name\":\"Datenschutz\"}]}]}<\/script>\n<!-- \/ Yoast SEO plugin. -->","yoast_head_json":{"title":"Datenschutz - M\u00f6bel &amp; mehr","robots":{"index":"index","follow":"follow","max-snippet":"max-snippet:-1","max-image-preview":"max-image-preview:large","max-video-preview":"max-video-preview:-1"},"canonical":"https:\/\/www.guenstigeinrichten.de\/blog\/datenschutz\/","og_locale":"de_DE","og_type":"article","og_title":"Datenschutz - M\u00f6bel &amp; mehr","og_description":"Datenschutzhinweis Wir erheben und verwenden Ihre personenbezogenen Daten ausschlie\u00dflich im [&hellip;]","og_url":"https:\/\/www.guenstigeinrichten.de\/blog\/datenschutz\/","og_site_name":"M\u00f6bel &amp; mehr","twitter_card":"summary_large_image","twitter_misc":{"Gesch\u00e4tzte Lesezeit":"5\u00a0Minuten"},"schema":{"@context":"https:\/\/schema.org","@graph":[{"@type":"WebSite","@id":"https:\/\/www.guenstigeinrichten.de\/blog\/#website","url":"https:\/\/www.guenstigeinrichten.de\/blog\/","name":"M\u00f6bel &amp; mehr","description":"Ihr Wohnblog von guenstigeinrichten.de","potentialAction":[{"@type":"SearchAction","target":{"@type":"EntryPoint","urlTemplate":"https:\/\/www.guenstigeinrichten.de\/blog\/?s={search_term_string}"},"query-input":"required name=search_term_string"}],"inLanguage":"de"},{"@type":"WebPage","@id":"https:\/\/www.guenstigeinrichten.de\/blog\/datenschutz\/#webpage","url":"https:\/\/www.guenstigeinrichten.de\/blog\/datenschutz\/","name":"Datenschutz - M\u00f6bel &amp; mehr","isPartOf":{"@id":"https:\/\/www.guenstigeinrichten.de\/blog\/#website"},"datePublished":"2018-05-21T16:22:09+00:00","dateModified":"2018-05-21T16:22:09+00:00","breadcrumb":{"@id":"https:\/\/www.guenstigeinrichten.de\/blog\/datenschutz\/#breadcrumb"},"inLanguage":"de","potentialAction":[{"@type":"ReadAction","target":["https:\/\/www.guenstigeinrichten.de\/blog\/datenschutz\/"]}]},{"@type":"BreadcrumbList","@id":"https:\/\/www.guenstigeinrichten.de\/blog\/datenschutz\/#breadcrumb","itemListElement":[{"@type":"ListItem","position":1,"name":"Startseite","item":"https:\/\/www.guenstigeinrichten.de\/blog\/"},{"@type":"ListItem","position":2,"name":"Datenschutz"}]}]}},"_links":{"self":[{"href":"https:\/\/www.guenstigeinrichten.de\/blog\/wp-json\/wp\/v2\/pages\/378"}],"collection":[{"href":"https:\/\/www.guenstigeinrichten.de\/blog\/wp-json\/wp\/v2\/pages"}],"about":[{"href":"https:\/\/www.guenstigeinrichten.de\/blog\/wp-json\/wp\/v2\/types\/page"}],"author":[{"embeddable":true,"href":"https:\/\/www.guenstigeinrichten.de\/blog\/wp-json\/wp\/v2\/users\/1"}],"replies":[{"embeddable":true,"href":"https:\/\/www.guenstigeinrichten.de\/blog\/wp-json\/wp\/v2\/comments?post=378"}],"version-history":[{"count":1,"href":"https:\/\/www.guenstigeinrichten.de\/blog\/wp-json\/wp\/v2\/pages\/378\/revisions"}],"predecessor-version":[{"id":379,"href":"https:\/\/www.guenstigeinrichten.de\/blog\/wp-json\/wp\/v2\/pages\/378\/revisions\/379"}],"wp:attachment":[{"href":"https:\/\/www.guenstigeinrichten.de\/blog\/wp-json\/wp\/v2\/media?parent=378"}],"curies":[{"name":"wp","href":"https:\/\/api.w.org\/{rel}","templated":true}]}}